is (152 - 5 - 138 - (1 + 1 + 19)) + 3?
-9
Evaluate -2 - (9 + 0) - (-4 + -7 - -13).
-13
What is 1 + -17 - (55 + -71 - (2 + 12))?
14
Calculate -49 + -2 + (-304 - -321) + -9 + -22.
-65
Evaluate 3 - -1 - (-38 + -16 + -7 + 11).
54
What is (61 - ((20 - 13) + 5)) + (-7 - 1)?
41
Calculate (-35 - -16) + 114 + (5 - (26 + -6)).
80
What is -110 - -48 - -85 - (105 - -2)?
-84
-45 + 71 + 33 + -26
33
(1 - -5 - (228 - 203)) + 46
27
What is the value of -76 + 25 + 69 - 3?
15
Calculate 28 + (-4 - -1 - (-8 + -6) - (-8 + 26)).
21
What is (-10 + -6 + 5 + 0 + -4 - -25) + -84?
-74
-29 - ((-11 - 11 - -29) + (-8 - -5))
-33
What is (33 - 72) + 27 + -19 + 4 + 1?
-26
Evaluate -20 - (-32 - (6 - 29)).
-11
What is 643 + -661 + (5 - (104 - -4)) + -15?
-136
What is -10 + 31 + -26 + -29 + 24?
-10
Calculate ((4 - 18) + -12 + 3 - -102) + 0 + 11.
90
What is (-124 - -108) + (-9 - (-4 + -1))?
-20
Calculate (6 - 1) + -14 + 60 + 11 + -15.
47
What is -24 - (-9 + 9) - (-34 - 20)?
30
Calculate 141 - (-1 + 141) - ((1 - (3 - 3)) + -51).
51
Calculate 1534 + -1566 - (-65 - 2).
35
What is the value of -1 + -11 - (30 - (12 - -29 - 28))?
-29
Evaluate 25 - (1 + -3 + (120 - 107) + 2 + -5).
17
Calculate 5 + (-71 - 25) - (-20 + -6).
-65
What is (217 - 230 - (1 + -24) - 2) + -91?
-83
What is -86 + 89 + 30 + (1 - -9)?
43
Calculate 17 + (5 - -30) + 17.
69
Calculate 58 - (-3 + 6) - (135 + -116).
36
10 + (-2 + -2 + 4 - (18 - 11)) + 8
11
Calculate (-102 + -50 - -138) + (1 - (4 - 3)).
-14
Calculate (22 - -2) + -22 + -2 + 13 + (3 - 1).
15
7 - ((-15 - ((-3 - 3) + -13 - -9)) + -8)
20
Evaluate (47 - 51) + -18 + 7.
-15
(-84 - -49) + 105 - 1
69
Calculate -28 + 6 - 3 - -5 - 17.
-37
What is the value of -8 + 22 + -25 - (-20 + -2 + -4)?
15
What is the value of (957 - 994) + (-2 - (-16 - -3))?
-26
What is the value of 5 + -15 + (-8 - -7) + -75?
-86
Calculate (7 + -45 - -16) + 16 + 3 + -2 + -28.
-33
Evaluate -54 + -18 + -3 + 21 + -9 + 6 + -2.
-59
What is the value of -122 + (-25 - -33) + 13 + 6?
-95
4 + (-3 - 3) - (-8 - -19) - (82 + -65)
-30
What is the value of (-66 - -53) + (0 - 8) + -7?
-28
-3 + (7 - (-119 - 4 - -18)) - 24
85
Evaluate (-2 - -40) + -72 + 12.
-22
What is the value of -11 - (-43 + (-97 - (-43 - -6)))?
92
What is the value of -169 + -2 + 190 - (1 - -16)?
2
What is the value of (-74 - (-27 + 5)) + 21 - -14?
-17
Evaluate 79 + (10 - 21 - ((-5 - -13 - 22) + 9)).
73
Calculate 31 + -61 - -118 - 171.
-83
-37 + -1 + -4 + -48 - (-1 - -1)
-90
Evaluate 8 - (20 + 1) - (30 - 10).
-33
-6 - -8 - (-495 - -561)
-64
What is -39 + -4 - -76 - 41?
-8
Calculate (38 - 3) + -4 + 11.
42
What is 35 - ((-36 - -63) + 47)?
-39
(-105 - -87 - 20) + -10
-48
What is -45 - (11 - (59 - 40))?
-37
What is (-3 - 5) + 20 + 12 + (-16 - 10)?
-2
What is the value of (-3 + -9 + 13 - -5 - -12) + 6?
24
What is the value of (0 - (-1 + -8)) + (66 - (49 - 12 - 3))?
41
Calculate -11 - (8 + 2 + -8) - -12 - -15.
14
-26 + (-4 - (-6 + 21) - -8)
-37
58 - 1 - 2 - (-12 + (43 + -26 - 9))
59
Evaluate (-2 - 0 - (0 + 18)) + -617 + 625.
-12
What is 2 - -30 - -2 - (-13745 + 13710)?
69
0 + 23 + -109 + (270 - 116)
68
What is the value of (-5 + 0 - 75) + -65 + 102?
-43
What is (4 + (7 - (12 + 15)) - 23) + -1?
-40
Calculate 8 + 95 - 137 - (2 - 42).
6
What is -1 - -49 - ((-62 - 77) + 147)?
40
Calculate 45 + -62 - (-21 + 2 - (3 - 4)).
1
Calculate (1 - 74) + -3367 + 3502.
62
Evaluate 80 - (93 - (-97 + 87)).
-23
What is 1 + -39 + (-252 - -269 - (5 - -1))?
-27
What is the value of 0 + 38 + (-309 - -305) - 4?
30
Evaluate -15 + (-16 - -5 - 0) + -57 + 47.
-36
Calculate (0 - -14) + 58 + (-15 - -19) + -17.
59
What is -119 + 12 + 88 + 2 + -16 + 0 + -8?
-41
Calculate (41 - (-7 - 10)) + -7.
51
Evaluate -1020 - -1029 - (5 + 69 + 0).
-65
What is 13 + (-19 - ((-6 - -2) + -14)) + -91?
-79
-76 + 56 + -54 + (5 - -4)
-65
Evaluate -48 - -19 - (65 - 59).
-35
Evaluate (-5 - (5 - (1 + -2))) + (-15 + -18 - -134).
90
What is (73 - 22) + -61 + 16 + -1 + -3?
2
(2 + 6 - -2 - 9 - 8 - 1) + -23
-31
(-63 - 0) + 14 - (0 - 11)
-38
What is 38 - (-55 - (-18 - 36))?
39
(0 - 5 - (-13 + -9 + 52)) + 8 + -6
-33
Evaluate (0 - -1) + -2 + (5 - 2) + -592 + 572.
-18
What is 2 + 12 + -28 + (-5 - ((119 - -3) + -3))?
-138
What is (-15 - ((14 - 15) + -6 + -1) - -9) + -8?
-6
What is the value of -72 + (-576 - -572) + (-2 + 2 - -8) + -1?
-69
What is -56 + 7 + 74 - 65?
-40
What is the value of 47 + (-53 - -5) - (-1 + (0 - -7))?
-7
What is (-1 - -9) + -3 + (-21 - -24 - -17)?
25
Evaluate (-101 - 0 - 2) + -14 + -10 + 2 + 7.
-118
What is the value of -18 - (2 + -2 + -34 + 41) - (1 - -8)?
-34
What is 3 + (9 - 2) + (2 - (12 + -9)) + -89?
-80
Evaluate (9 - -14) + 16 + -10 - -12.
41
What is (-1 - -3) + (-133 - -129) + (6 + 5 - 8)?
1
What is -61 + ((17 - 45) + 23 - (2 + 0 + -12))?
-56
What is the value of 5 + (-5 - (2 - 6 - 0)) + 31 + -25?
10
Evaluate -32 - (-7 + 0 + (28 - 54) + 32).
-31
What is 0 - -74 - ((-23 - 82) + 43 + 69)?
67
70 - 42 - 40 - (13 - -2 - -3)
-30
Evaluate -90 + -62 + 165 + -113.
-100
Evaluate 106 + -85 + 3 + -13.
11
What is the value of (11 - 7) + (1112 - 1093)?
23
-1 + -35 - (-7246 - -7262)
-52
(-40 - -5) + (13 + 9 - -17)
4
What is the value of 34 + -35 + 56 + -1 + (-6 - -13)?
61
Evaluate -2 - 12 - (9 - (-10 - 21) - -7) - 4.
-65
(-189 - -207) + (-1 - (-4 - 0)) + -212 + 216
25
What is 19 + 22 + -20 + (9 - 7)?
23
Evaluate -7 + 0 - (7 - (18 + 12) - (15 + 1)).
32
Calculate (74 - 0) + (1499 + -1495 - (4 - -2 - 2)).
74
Calculate 0 - -1 - (-81 + 6) - (-86 - -105 - 10).
67
What is -10 + (9 + 15 - 55) + (2 - (0 - 1))?
-38
What is the value of -18 - (-10 + (-37 - -39) + -8 + 0)?
-2
Calculate (186 - 255) + (-6 - (-1 - -4) - (7 - 5)).
-80
-56 - (-7 + (10 + -12 - 10))
-37
Calculate -7 + 1 - (72 + -76) - -19.
17
Evaluate (80 - 153) + 43 + -8.
-38
Evaluate 2 + -19 + (-2 + (-4 - 0) - -17) + -28.
-34
Calculate (12 - 2) + 0 - (-5642 - -5732).
-80
What is 29 + 15 + (17 - 24 - (-1 - (-4 + 5)))?
39
(-26 - (14 + 47)) + (3 - -32)
-52
Evaluate 0 - 68 - ((-24 - -42) + -6 + (-14 - -10)).
-76
What is -13 - (50 + -138 + 36)?
39
What is the value of (0 - -9) + (3 + 3 - (169 + -146)) + 6?
-2
Calculate 25 - (58 - (-16 + 32 + -28)).
-45
What is the value of -54 - (3 + (13 + -20 - 15))?
-35
Calculate 17 + 10 - (171 - 241).
97
Calculate 27 + (-90 - -6 - -9) + (-1 - -15).
-34
What is the value of -21 - -16 - (-13 + -10 + 8 - -26)?
-16
What is the value of -19 + 35 + -26 + (0 - -106) + (13 - 21)?
88
What is the value of -156 - -177 - (-28 - -7)?
42
What is 14 + -3 - (161 - 166)?
16
What is the value of 55 - -39 - (-9 - -38 - 12)?
77
Evaluate -20 - -92 - (30 + 37).
5
Calculate (-50 - (-9 + -44)) + -60.
-57
What is the value of -3 - (33 - 56) - 46?
-26
Calculate (99 - 54) + -95 + 99.
49
What is 196 + -104 - (89 - 30)?
33
68 + -54 + -57 + 10
-33
What is 1 + 6 + 231 + -220 - 66?
-48
(22 + 5 + -14 - 8) + (2 - 5) + -53
-51
What is 2 - (-10 - (11 + -7)) - -1 - 21?
-4
What is the value of -1 + 10 + (-22 - -8 - -4 - -24 - 12)?
11
What is 77 + (-2 + -13 - 58)?
4
Calculate (-308 - -115) + 112 - -115.
34
Evaluate (16 - 10) + -4 + (7 - 8) + 1 - -18.
20
Calculate 1120 + -1055 + (0 - -9).
74
(-208 + 58 - -137) + (1 - (2 + 24))
-38
(0 - -1) + (1 - (-5 - -4) - (-164 + 203))
-36
(23 - 35) + -7 + (17 - -5)
3
What is the value of (-4 - 2) + -2 - (23 - 21 - 13) - 12?
-9
Calculate 40 - (99 + 97 + -206).
50
Calculate 137 - (42 + (73 - -29)).
-7
Evaluate 48 + (0 + 69 - 118).
-1
What is -46 - -76 - ((-5 + -5 + 10 - -2) + 0)?
28
What is the value of -16 - (-8 - (-134 + 124 + 35 + 0))?
17
Calculate -1 + 3 + 29 - (51 + -37).
17
What is the value of (-2 - -5 - (4 - 4)) + 25 + -137 + 9?
-100
Evaluate (4 - 68) + (-4 - (5 + -1) - (-33 - -20)).
-59
What is the value of 28 - (25 + 27 - (3 + 15) - 14)?
8
Evaluate (15601 - 15600) + -2 + 2 + 26 + 1.
28
What is -197 + (187 - (23 - -57))?
-90
Evaluate -5 + 84 + (131 - 187).
23
What is the value of -30 - (-149 - -97) - (-26 - -1)?
47
18 - (-44 + (80 - 32) + -23)
37
Calculate 7 + (0 - (5 - 1)) + 0.
3
Calculate (18 - (3 + 7 + 1)) + 12 + 37 + -7.
49
9 + 1 + (4 - (9 + 5 + -10 + 0))
10
Calculate 14 + -61 + 26 + 17 + -3 + 0.
-7
8 - (92 + (-9 - (6 - (-4 + -3 + 12))))
-74
Evaluate 63 - (-65 - -54) - 38.
36
Evaluate (-27 - -5) + 4 + 1 + 21.
4
Calculate 318 - 331 - (2 - 16 - 2) - 15.
-12
What is the value of -102 + 45 + 25 + -19 + 55?
4